{"id":7,"date":"2023-03-23T16:37:46","date_gmt":"2023-03-23T16:37:46","guid":{"rendered":"https:\/\/czerwie.art\/?page_id=7"},"modified":"2024-12-06T09:37:42","modified_gmt":"2024-12-06T09:37:42","slug":"o-nas","status":"publish","type":"page","link":"https:\/\/czerwie.art\/en\/o-nas\/","title":{"rendered":"About us"},"content":{"rendered":"<p>\u2018CZERWIE\u2019 is a Polish band presenting alternative sounds from the borders of folk, ethno, the absurd scene, theatre and film.&nbsp;<\/p>\n\n\n\n<p>The band is one of the leading groups playing \u2018live\u2019 music for silent films.<\/p>\n\n\n\n<p>They have created their own unique style characterised by an unconventional use of musical instruments and a fusion of many musical genres.<\/p>\n\n\n\n<p>The musicians have six original albums in their discography.<\/p>\n\n\n\n<p>&#8211; \u201ePadlina\u201d (2004)<\/p>\n\n\n\n<p>&#8211; \u201eOtwarta Sztuka dla Ludu\u201d (2008)<\/p>\n\n\n\n<p>&#8211; \u201eMelan\u017c\u201d (2012)<\/p>\n\n\n\n<p class=\"is-style-default\">&#8211; \u201eCzerwie Nosferatu Live\u201d (2013)<\/p>\n\n\n\n<p>&#8211; \u201eMania\u201d (2016)<\/p>\n\n\n\n<p>&#8211; \u201eMetropolis\u201d (2017)<\/p>\n\n\n\n<p>The Czerwie are also the creators of music for theatre performances, (for the Powszechny Theatre in Warsaw, the Klinika Lalek Theatre) and music for feature films and documentaries (Xawery \u017bu\u0142awski, Urszula Sochacka).<\/p>\n\n\n\n<p>The group has so far played more than 1000 concerts on Polish and European stages (in the Czech Republic, Slovakia, Hungary, Germany, the Netherlands, the UK).<\/p>\n\n\n\n<p>W marcu 2016 roku grupa wyst\u0105pi\u0142a\u00a0na presti\u017cowym Europejskim Festiwalu Kina Niemego \u201eHippodrome 2016\u201d w Szkocji. Z kolei w 2018 r. zesp\u00f3\u0142 otwiera\u0142 24. Wiosn\u0119 Filmow\u0105 w Budapeszcie a jesieni\u0105 zagra\u0142 na Budapesti Klasszikus Film Maraton Magyar Nemzeti Filmarch\u00edvum oraz w Muzeum Historii Kina w Dusseldorfie<\/p>\n\n\n\n<p> The musicians: <\/p>\n\n\n\n<p>Piotr Bogunia (bass, drum)<\/p>\n\n\n\n<p>Maciej Kud\u0142acik (string instruments, percussion instruments and synthesizers)<\/p>\n\n\n\n<p>Wojciech Zaborowski (keyboard, accordion, ethnic instruments)<\/p>\n\n\n\n<p>Pawe\u0142 Zawarus, Tomasz Ma\u0144kowski  (instrumenty perkusyjne i elektronika).<\/p>\n\n\n\n<br>\n\n\n\n<p>Features: Tomasz Ma\u0144kowski,  Piotr Damasiewicz, Micha\u0142 Litwiniec, Miros\u0142aw \u0141ado\u015b, Tadeusz Kulas, Roman Marczy\u0144ski.<\/p>","protected":false},"excerpt":{"rendered":"<p>\u201eCZERWIE\u201d to polska formacja prezentuj\u0105ca alternatywne d\u017awi\u0119ki z pogranicza folku, etno, sceny absurdu, teatru i filmu.&nbsp; Zesp\u00f3\u0142 nale\u017cy do \u015bcis\u0142ej czo\u0142\u00f3wki grup<\/p>\n<p class=\"link-more\"><a class=\"myButt\" href=\"https:\/\/czerwie.art\/en\/o-nas\/\">czytaj wi\u0119cej&#8230;<\/a><\/p>","protected":false},"author":1,"featured_media":660,"parent":0,"menu_order":0,"comment_status":"closed","ping_status":"closed","template":"","meta":{"footnotes":""},"class_list":["post-7","page","type-page","status-publish","has-post-thumbnail","hentry"],"_links":{"self":[{"href":"https:\/\/czerwie.art\/en\/wp-json\/wp\/v2\/pages\/7","targetHints":{"allow":["GET"]}}],"collection":[{"href":"https:\/\/czerwie.art\/en\/wp-json\/wp\/v2\/pages"}],"about":[{"href":"https:\/\/czerwie.art\/en\/wp-json\/wp\/v2\/types\/page"}],"author":[{"embeddable":true,"href":"https:\/\/czerwie.art\/en\/wp-json\/wp\/v2\/users\/1"}],"replies":[{"embeddable":true,"href":"https:\/\/czerwie.art\/en\/wp-json\/wp\/v2\/comments?post=7"}],"version-history":[{"count":6,"href":"https:\/\/czerwie.art\/en\/wp-json\/wp\/v2\/pages\/7\/revisions"}],"predecessor-version":[{"id":911,"href":"https:\/\/czerwie.art\/en\/wp-json\/wp\/v2\/pages\/7\/revisions\/911"}],"wp:featuredmedia":[{"embeddable":true,"href":"https:\/\/czerwie.art\/en\/wp-json\/wp\/v2\/media\/660"}],"wp:attachment":[{"href":"https:\/\/czerwie.art\/en\/wp-json\/wp\/v2\/media?parent=7"}],"curies":[{"name":"wp","href":"https:\/\/api.w.org\/{rel}","templated":true}]}}

<p>‘CZERWIE’ is a Polish band presenting alternative sounds from the borders of folk, ethno, the absurd scene, theatre and film.&nbsp;</p>



<p>The band is one of the leading groups playing ‘live’ music for silent films.</p>



<p>They have created their own unique style characterised by an unconventional use of musical instruments and a fusion of many musical genres.</p>



<p>The musicians have six original albums in their discography.</p>



<p>&#8211; „Padlina” (2004)</p>



<p>&#8211; „Otwarta Sztuka dla Ludu” (2008)</p>



<p>&#8211; „Melanż” (2012)</p>



<p class="is-style-default">&#8211; „Czerwie Nosferatu Live” (2013)</p>



<p>&#8211; „Mania” (2016)</p>



<p>&#8211; „Metropolis” (2017)</p>



<p>The Czerwie are also the creators of music for theatre performances, (for the Powszechny Theatre in Warsaw, the Klinika Lalek Theatre) and music for feature films and documentaries (Xawery Żuławski, Urszula Sochacka).</p>



<p>The group has so far played more than 1000 concerts on Polish and European stages (in the Czech Republic, Slovakia, Hungary, Germany, the Netherlands, the UK).</p>



<p>W marcu 2016 roku grupa wystąpiła na prestiżowym Europejskim Festiwalu Kina Niemego „Hippodrome 2016” w Szkocji. Z kolei w 2018 r. zespół otwierał 24. Wiosnę Filmową w Budapeszcie a jesienią zagrał na Budapesti Klasszikus Film Maraton Magyar Nemzeti Filmarchívum oraz w Muzeum Historii Kina w Dusseldorfie</p>



<p> The musicians: </p>



<p>Piotr Bogunia (bass, drum)</p>



<p>Maciej Kudłacik (string instruments, percussion instruments and synthesizers)</p>



<p>Wojciech Zaborowski (keyboard, accordion, ethnic instruments)</p>



<p>Paweł Zawarus, Tomasz Mańkowski  (instrumenty perkusyjne i elektronika).</p>



<br>



<p>Features: Tomasz Mańkowski,  Piotr Damasiewicz, Michał Litwiniec, Mirosław Ładoś, Tadeusz Kulas, Roman Marczyński.</p>

<p>„CZERWIE” to polska formacja prezentująca alternatywne dźwięki z pogranicza folku, etno, sceny absurdu, teatru i filmu.&nbsp; Zespół należy do ścisłej czołówki grup</p>
<p class="link-more"><a class="myButt" href="https://czerwie.art/en/o-nas/">czytaj więcej&#8230;</a></p>
